{"id":45,"date":"2025-02-11T21:16:34","date_gmt":"2025-02-11T20:16:34","guid":{"rendered":"https:\/\/www.plamarcell.cat\/web\/?page_id=45"},"modified":"2026-01-27T18:21:39","modified_gmt":"2026-01-27T17:21:39","slug":"equip-directiu","status":"publish","type":"page","link":"https:\/\/www.plamarcell.cat\/web\/equip-directiu\/","title":{"rendered":"Equip directiu"},"content":{"rendered":"<div  class='flex_column av-2kxv9-d9db674c61c645cde179c60d14f76ece av_one_third  avia-builder-el-0  el_before_av_two_third  avia-builder-el-first  first flex_column_div  '     ><style type=\"text\/css\" data-created_by=\"avia_inline_auto\" id=\"style-css-av-m7w8fiw6-74a0650f61dbd4c8ed86c802414943f9\">\n#top .av-special-heading.av-m7w8fiw6-74a0650f61dbd4c8ed86c802414943f9{\npadding-bottom:10px;\n}\nbody .av-special-heading.av-m7w8fiw6-74a0650f61dbd4c8ed86c802414943f9 .av-special-heading-tag .heading-char{\nfont-size:25px;\n}\n.av-special-heading.av-m7w8fiw6-74a0650f61dbd4c8ed86c802414943f9 .av-subheading{\nfont-size:15px;\n}\n<\/style>\n<div  class='av-special-heading av-m7w8fiw6-74a0650f61dbd4c8ed86c802414943f9 av-special-heading-h1 blockquote modern-quote  avia-builder-el-1  avia-builder-el-no-sibling '><h1 class='av-special-heading-tag '  itemprop=\"headline\"  >Equip directiu<\/h1><div class=\"special-heading-border\"><div class=\"special-heading-inner-border\"><\/div><\/div><\/div><\/div>\n<div  class='flex_column av-1vupd-45b3482e2adee9769b71d3728ea380fd av_two_third  avia-builder-el-2  el_after_av_one_third  avia-builder-el-last  flex_column_div  '     ><p>\n<style type=\"text\/css\" data-created_by=\"avia_inline_auto\" id=\"style-css-av-524t-059b843362ca451f5f849a9599f7a962\">\n.avia-image-container.av-524t-059b843362ca451f5f849a9599f7a962 img.avia_image{\nbox-shadow:none;\n}\n.avia-image-container.av-524t-059b843362ca451f5f849a9599f7a962 .av-image-caption-overlay-center{\ncolor:#ffffff;\n}\n<\/style>\n<div  class='avia-image-container av-524t-059b843362ca451f5f849a9599f7a962 av-styling- avia-align-center  avia-builder-el-3  el_before_av_hr  avia-builder-el-first '   itemprop=\"image\" itemscope=\"itemscope\" itemtype=\"https:\/\/schema.org\/ImageObject\" ><div class=\"avia-image-container-inner\"><div class=\"avia-image-overlay-wrap\"><img decoding=\"async\" fetchpriority=\"high\" class='wp-image-3259 avia-img-lazy-loading-not-3259 avia_image ' src=\"https:\/\/www.plamarcell.cat\/web\/wp-content\/uploads\/2025\/03\/ima-base-1000x420-1.jpg\" alt='' title='ima-base-1000x420'  height=\"420\" width=\"1000\"  itemprop=\"thumbnailUrl\" srcset=\"https:\/\/www.plamarcell.cat\/web\/wp-content\/uploads\/2025\/03\/ima-base-1000x420-1.jpg 1000w, https:\/\/www.plamarcell.cat\/web\/wp-content\/uploads\/2025\/03\/ima-base-1000x420-1-300x126.jpg 300w, https:\/\/www.plamarcell.cat\/web\/wp-content\/uploads\/2025\/03\/ima-base-1000x420-1-768x323.jpg 768w, https:\/\/www.plamarcell.cat\/web\/wp-content\/uploads\/2025\/03\/ima-base-1000x420-1-705x296.jpg 705w\" sizes=\"(max-width: 1000px) 100vw, 1000px\" \/><\/div><\/div><\/div><br \/>\n\n<style type=\"text\/css\" data-created_by=\"avia_inline_auto\" id=\"style-css-av-m9055uxz-18898b24b2cfe4806c8e4b6b451d9470\">\n#top .hr.hr-invisible.av-m9055uxz-18898b24b2cfe4806c8e4b6b451d9470{\nheight:20px;\n}\n<\/style>\n<div  class='hr av-m9055uxz-18898b24b2cfe4806c8e4b6b451d9470 hr-invisible  avia-builder-el-4  el_after_av_image  el_before_av_textblock '><span class='hr-inner '><span class=\"hr-inner-style\"><\/span><\/span><\/div><br \/>\n\n<style type=\"text\/css\" data-created_by=\"avia_inline_auto\" id=\"style-css-av-m728h32w-3bec9ebeb322c490a37b554b72883e6a\">\n#top .av_textblock_section.av-m728h32w-3bec9ebeb322c490a37b554b72883e6a .avia_textblock{\nfont-size:24px;\ncolor:#ec6361;\n}\n<\/style>\n<section  class='av_textblock_section av-m728h32w-3bec9ebeb322c490a37b554b72883e6a '   itemscope=\"itemscope\" itemtype=\"https:\/\/schema.org\/CreativeWork\" ><div class='avia_textblock av_inherit_color'  itemprop=\"text\" ><header class=\"entry-header\" aria-label=\"Contingut\">Som un equip de professionals amb experi\u00e8ncia i dedicaci\u00f3, provinents dels diferents \u00e0mbits del Pla Marcell (ESO i Cicles Formatius). Amb una llarga traject\u00f2ria al centre, coneixem profundament l\u2019institut. La nostra visi\u00f3 compartida i el nostre comprom\u00eds amb l\u2019educaci\u00f3 ens permeten oferir un lideratge proper i efectiu, sempre orientat a la comunitat educativa.<\/header>\n<\/div><\/section><br \/>\n<div  class='hr av-mkwtf29h-d25db71b9c6b49c43453cb1f70632df3 hr-default  avia-builder-el-6  el_after_av_textblock  el_before_av_textblock '><span class='hr-inner '><span class=\"hr-inner-style\"><\/span><\/span><\/div><br \/>\n<section  class='av_textblock_section av-mkwteh6r-3ed9258384dfd4450fa7a15de396d9ae '   itemscope=\"itemscope\" itemtype=\"https:\/\/schema.org\/CreativeWork\" ><div class='avia_textblock'  itemprop=\"text\" ><header class=\"entry-header\" aria-label=\"Contingut\"><span style=\"font-weight: 400;\"> <strong>Aquestes s\u00f3n les cares visibles de l\u2019equip:<\/strong><\/span><\/p>\n<ul>\n<li><span style=\"font-weight: 400;\"><strong>Vict\u00f2ria Caner<\/strong>, Directora &#8211; <a href=\"mailto:victoria.caner@plamarcell.net\" target=\"_blank\" rel=\"noopener\">victoria.caner@plamarcell.net<\/a><\/span><\/li>\n<li><span style=\"font-weight: 400;\"><strong>Gemma Consol<\/strong>, Cap d\u2019Estudis &#8211; <a href=\"mailto:gemma.consol@plamarcell.net\" target=\"_blank\" rel=\"noopener\">gemma.consol@plamarcell.net<\/a><\/span><\/li>\n<li><span style=\"font-weight: 400;\"><strong>N\u00faria Manrubia<\/strong>, Cap d\u2019Estudis Adjunta &#8211; <\/span><a href=\"mailto:nuria.manrubia@plamarcell.net\" target=\"_blank\" rel=\"noopener\"><span style=\"font-weight: 400;\">nuria.manrubia@plamarcell.net<\/span><\/a><\/li>\n<li><span style=\"font-weight: 400;\"><strong>Gemma Albesa<\/strong>, Coordinaci\u00f3 Pedag\u00f2gica &#8211; <a href=\"mailto:gemma.albesa@plamarcell.net\" target=\"_blank\" rel=\"noopener\">gemma.albesa@plamarcell.net<\/a><\/span><\/li>\n<li><span style=\"font-weight: 400;\"><strong>Carisa Baldov\u00ed<\/strong>, Secret\u00e0ria &#8211; <a href=\"mailto:carisa.baldovi@plamarcell.net\" target=\"_blank\" rel=\"noopener\">carisa.baldovi@plamarcell.net<\/a><\/span><\/li>\n<\/ul>\n<p><span style=\"font-weight: 400;\"><br \/>\nEl <strong>Pla Marcell<\/strong> \u00e9s un projecte viu, en constant creixement, on treballem dia a dia per adaptar-nos a les necessitats canviants de la nostra comunitat. Us convidem a con\u00e8ixer el projecte.<\/span><\/p>\n<\/header>\n<\/div><\/section><\/p><\/div>\n","protected":false},"excerpt":{"rendered":"","protected":false},"author":1,"featured_media":0,"parent":0,"menu_order":2,"comment_status":"closed","ping_status":"closed","template":"","meta":{"footnotes":""},"class_list":["post-45","page","type-page","status-publish","hentry"],"yoast_head":"<!-- This site is optimized with the Yoast SEO plugin v27.4 - https:\/\/yoast.com\/product\/yoast-seo-wordpress\/ -->\n<title>Equip directiu - Institut Pla Marcell<\/title>\n<meta name=\"robots\" content=\"index, follow, max-snippet:-1, max-image-preview:large, max-video-preview:-1\" \/>\n<link rel=\"canonical\" href=\"https:\/\/www.plamarcell.cat\/web\/equip-directiu\/\" \/>\n<meta property=\"og:locale\" content=\"ca_ES\" \/>\n<meta property=\"og:type\" content=\"article\" \/>\n<meta property=\"og:title\" content=\"Equip directiu - Institut Pla Marcell\" \/>\n<meta property=\"og:url\" content=\"https:\/\/www.plamarcell.cat\/web\/equip-directiu\/\" \/>\n<meta property=\"og:site_name\" content=\"Institut Pla Marcell\" \/>\n<meta property=\"article:modified_time\" content=\"2026-01-27T17:21:39+00:00\" \/>\n<meta name=\"twitter:card\" content=\"summary_large_image\" \/>\n<meta name=\"twitter:label1\" content=\"Temps estimat de lectura\" \/>\n\t<meta name=\"twitter:data1\" content=\"1 minut\" \/>\n<script type=\"application\/ld+json\" class=\"yoast-schema-graph\">{\"@context\":\"https:\\\/\\\/schema.org\",\"@graph\":[{\"@type\":\"WebPage\",\"@id\":\"https:\\\/\\\/www.plamarcell.cat\\\/web\\\/equip-directiu\\\/\",\"url\":\"https:\\\/\\\/www.plamarcell.cat\\\/web\\\/equip-directiu\\\/\",\"name\":\"Equip directiu - Institut Pla Marcell\",\"isPartOf\":{\"@id\":\"https:\\\/\\\/www.plamarcell.cat\\\/web\\\/#website\"},\"datePublished\":\"2025-02-11T20:16:34+00:00\",\"dateModified\":\"2026-01-27T17:21:39+00:00\",\"breadcrumb\":{\"@id\":\"https:\\\/\\\/www.plamarcell.cat\\\/web\\\/equip-directiu\\\/#breadcrumb\"},\"inLanguage\":\"ca\",\"potentialAction\":[{\"@type\":\"ReadAction\",\"target\":[\"https:\\\/\\\/www.plamarcell.cat\\\/web\\\/equip-directiu\\\/\"]}]},{\"@type\":\"BreadcrumbList\",\"@id\":\"https:\\\/\\\/www.plamarcell.cat\\\/web\\\/equip-directiu\\\/#breadcrumb\",\"itemListElement\":[{\"@type\":\"ListItem\",\"position\":1,\"name\":\"Inici\",\"item\":\"https:\\\/\\\/www.plamarcell.cat\\\/web\\\/\"},{\"@type\":\"ListItem\",\"position\":2,\"name\":\"Equip directiu\"}]},{\"@type\":\"WebSite\",\"@id\":\"https:\\\/\\\/www.plamarcell.cat\\\/web\\\/#website\",\"url\":\"https:\\\/\\\/www.plamarcell.cat\\\/web\\\/\",\"name\":\"Institut Pla Marcell\",\"description\":\"Decidir, conviure i aprendre\",\"publisher\":{\"@id\":\"https:\\\/\\\/www.plamarcell.cat\\\/web\\\/#organization\"},\"potentialAction\":[{\"@type\":\"SearchAction\",\"target\":{\"@type\":\"EntryPoint\",\"urlTemplate\":\"https:\\\/\\\/www.plamarcell.cat\\\/web\\\/?s={search_term_string}\"},\"query-input\":{\"@type\":\"PropertyValueSpecification\",\"valueRequired\":true,\"valueName\":\"search_term_string\"}}],\"inLanguage\":\"ca\"},{\"@type\":\"Organization\",\"@id\":\"https:\\\/\\\/www.plamarcell.cat\\\/web\\\/#organization\",\"name\":\"Institut Pla Marcell\",\"url\":\"https:\\\/\\\/www.plamarcell.cat\\\/web\\\/\",\"logo\":{\"@type\":\"ImageObject\",\"inLanguage\":\"ca\",\"@id\":\"https:\\\/\\\/www.plamarcell.cat\\\/web\\\/#\\\/schema\\\/logo\\\/image\\\/\",\"url\":\"https:\\\/\\\/www.plamarcell.cat\\\/web\\\/wp-content\\\/uploads\\\/2025\\\/03\\\/ima-Logo-header-1.png\",\"contentUrl\":\"https:\\\/\\\/www.plamarcell.cat\\\/web\\\/wp-content\\\/uploads\\\/2025\\\/03\\\/ima-Logo-header-1.png\",\"width\":1200,\"height\":700,\"caption\":\"Institut Pla Marcell\"},\"image\":{\"@id\":\"https:\\\/\\\/www.plamarcell.cat\\\/web\\\/#\\\/schema\\\/logo\\\/image\\\/\"},\"sameAs\":[\"https:\\\/\\\/www.instagram.com\\\/pla.marcell\\\/\"]}]}<\/script>\n<!-- \/ Yoast SEO plugin. -->","yoast_head_json":{"title":"Equip directiu - Institut Pla Marcell","robots":{"index":"index","follow":"follow","max-snippet":"max-snippet:-1","max-image-preview":"max-image-preview:large","max-video-preview":"max-video-preview:-1"},"canonical":"https:\/\/www.plamarcell.cat\/web\/equip-directiu\/","og_locale":"ca_ES","og_type":"article","og_title":"Equip directiu - Institut Pla Marcell","og_url":"https:\/\/www.plamarcell.cat\/web\/equip-directiu\/","og_site_name":"Institut Pla Marcell","article_modified_time":"2026-01-27T17:21:39+00:00","twitter_card":"summary_large_image","twitter_misc":{"Temps estimat de lectura":"1 minut"},"schema":{"@context":"https:\/\/schema.org","@graph":[{"@type":"WebPage","@id":"https:\/\/www.plamarcell.cat\/web\/equip-directiu\/","url":"https:\/\/www.plamarcell.cat\/web\/equip-directiu\/","name":"Equip directiu - Institut Pla Marcell","isPartOf":{"@id":"https:\/\/www.plamarcell.cat\/web\/#website"},"datePublished":"2025-02-11T20:16:34+00:00","dateModified":"2026-01-27T17:21:39+00:00","breadcrumb":{"@id":"https:\/\/www.plamarcell.cat\/web\/equip-directiu\/#breadcrumb"},"inLanguage":"ca","potentialAction":[{"@type":"ReadAction","target":["https:\/\/www.plamarcell.cat\/web\/equip-directiu\/"]}]},{"@type":"BreadcrumbList","@id":"https:\/\/www.plamarcell.cat\/web\/equip-directiu\/#breadcrumb","itemListElement":[{"@type":"ListItem","position":1,"name":"Inici","item":"https:\/\/www.plamarcell.cat\/web\/"},{"@type":"ListItem","position":2,"name":"Equip directiu"}]},{"@type":"WebSite","@id":"https:\/\/www.plamarcell.cat\/web\/#website","url":"https:\/\/www.plamarcell.cat\/web\/","name":"Institut Pla Marcell","description":"Decidir, conviure i aprendre","publisher":{"@id":"https:\/\/www.plamarcell.cat\/web\/#organization"},"potentialAction":[{"@type":"SearchAction","target":{"@type":"EntryPoint","urlTemplate":"https:\/\/www.plamarcell.cat\/web\/?s={search_term_string}"},"query-input":{"@type":"PropertyValueSpecification","valueRequired":true,"valueName":"search_term_string"}}],"inLanguage":"ca"},{"@type":"Organization","@id":"https:\/\/www.plamarcell.cat\/web\/#organization","name":"Institut Pla Marcell","url":"https:\/\/www.plamarcell.cat\/web\/","logo":{"@type":"ImageObject","inLanguage":"ca","@id":"https:\/\/www.plamarcell.cat\/web\/#\/schema\/logo\/image\/","url":"https:\/\/www.plamarcell.cat\/web\/wp-content\/uploads\/2025\/03\/ima-Logo-header-1.png","contentUrl":"https:\/\/www.plamarcell.cat\/web\/wp-content\/uploads\/2025\/03\/ima-Logo-header-1.png","width":1200,"height":700,"caption":"Institut Pla Marcell"},"image":{"@id":"https:\/\/www.plamarcell.cat\/web\/#\/schema\/logo\/image\/"},"sameAs":["https:\/\/www.instagram.com\/pla.marcell\/"]}]}},"_links":{"self":[{"href":"https:\/\/www.plamarcell.cat\/web\/wp-json\/wp\/v2\/pages\/45","targetHints":{"allow":["GET"]}}],"collection":[{"href":"https:\/\/www.plamarcell.cat\/web\/wp-json\/wp\/v2\/pages"}],"about":[{"href":"https:\/\/www.plamarcell.cat\/web\/wp-json\/wp\/v2\/types\/page"}],"author":[{"embeddable":true,"href":"https:\/\/www.plamarcell.cat\/web\/wp-json\/wp\/v2\/users\/1"}],"replies":[{"embeddable":true,"href":"https:\/\/www.plamarcell.cat\/web\/wp-json\/wp\/v2\/comments?post=45"}],"version-history":[{"count":21,"href":"https:\/\/www.plamarcell.cat\/web\/wp-json\/wp\/v2\/pages\/45\/revisions"}],"predecessor-version":[{"id":5353,"href":"https:\/\/www.plamarcell.cat\/web\/wp-json\/wp\/v2\/pages\/45\/revisions\/5353"}],"wp:attachment":[{"href":"https:\/\/www.plamarcell.cat\/web\/wp-json\/wp\/v2\/media?parent=45"}],"curies":[{"name":"wp","href":"https:\/\/api.w.org\/{rel}","templated":true}]}}