{"id":82,"date":"2025-02-12T17:31:40","date_gmt":"2025-02-12T16:31:40","guid":{"rendered":"https:\/\/www.plamarcell.cat\/web\/?page_id=82"},"modified":"2026-04-22T19:46:49","modified_gmt":"2026-04-22T17:46:49","slug":"pfi-programa-de-formacio-i-insercio","status":"publish","type":"page","link":"https:\/\/www.plamarcell.cat\/web\/pfi-programa-de-formacio-i-insercio\/","title":{"rendered":"PFI &#8211; Programa de formaci\u00f3 i inserci\u00f3"},"content":{"rendered":"<div  class='flex_column av-1pt52-9e0f494914f4a25b860de3f8badc0efb av_one_third  avia-builder-el-0  el_before_av_two_third  avia-builder-el-first  first flex_column_div  '     ><style type=\"text\/css\" data-created_by=\"avia_inline_auto\" id=\"style-css-av-m9sg62gq-afb32aaeeffb0ad90d289b5a2e293a70\">\n#top .av-special-heading.av-m9sg62gq-afb32aaeeffb0ad90d289b5a2e293a70{\npadding-bottom:10px;\n}\nbody .av-special-heading.av-m9sg62gq-afb32aaeeffb0ad90d289b5a2e293a70 .av-special-heading-tag .heading-char{\nfont-size:25px;\n}\n.av-special-heading.av-m9sg62gq-afb32aaeeffb0ad90d289b5a2e293a70 .av-subheading{\nfont-size:15px;\n}\n<\/style>\n<div  class='av-special-heading av-m9sg62gq-afb32aaeeffb0ad90d289b5a2e293a70 av-special-heading-h1 blockquote modern-quote  avia-builder-el-1  avia-builder-el-no-sibling '><h1 class='av-special-heading-tag '  itemprop=\"headline\"  >PFI &#8211; Programa de formaci\u00f3 i inserci\u00f3<\/h1><div class=\"special-heading-border\"><div class=\"special-heading-inner-border\"><\/div><\/div><\/div><\/div>\n<div  class='flex_column av-1i8oq-69e330ba5639c9ca25f40a251ebec3a9 av_two_third  avia-builder-el-2  el_after_av_one_third  avia-builder-el-last  flex_column_div  '     ><p>\n<style type=\"text\/css\" data-created_by=\"avia_inline_auto\" id=\"style-css-av-udta-556c7b0cc47a3aac1d8b36e47c01c6ef\">\n.avia-image-container.av-udta-556c7b0cc47a3aac1d8b36e47c01c6ef img.avia_image{\nbox-shadow:none;\n}\n.avia-image-container.av-udta-556c7b0cc47a3aac1d8b36e47c01c6ef .av-image-caption-overlay-center{\ncolor:#ffffff;\n}\n<\/style>\n<div  class='avia-image-container av-udta-556c7b0cc47a3aac1d8b36e47c01c6ef av-styling- avia-align-center  avia-builder-el-3  el_before_av_heading  avia-builder-el-first '   itemprop=\"image\" itemscope=\"itemscope\" itemtype=\"https:\/\/schema.org\/ImageObject\" ><div class=\"avia-image-container-inner\"><div class=\"avia-image-overlay-wrap\"><img decoding=\"async\" fetchpriority=\"high\" class='wp-image-4242 avia-img-lazy-loading-not-4242 avia_image ' src=\"https:\/\/www.plamarcell.cat\/web\/wp-content\/uploads\/2025\/04\/side-view-young-women-gym.jpg\" alt='' title='side-view-young-women-gym'  height=\"630\" width=\"1500\"  itemprop=\"thumbnailUrl\" srcset=\"https:\/\/www.plamarcell.cat\/web\/wp-content\/uploads\/2025\/04\/side-view-young-women-gym.jpg 1500w, https:\/\/www.plamarcell.cat\/web\/wp-content\/uploads\/2025\/04\/side-view-young-women-gym-300x126.jpg 300w, https:\/\/www.plamarcell.cat\/web\/wp-content\/uploads\/2025\/04\/side-view-young-women-gym-1030x433.jpg 1030w, https:\/\/www.plamarcell.cat\/web\/wp-content\/uploads\/2025\/04\/side-view-young-women-gym-768x323.jpg 768w, https:\/\/www.plamarcell.cat\/web\/wp-content\/uploads\/2025\/04\/side-view-young-women-gym-705x296.jpg 705w\" sizes=\"(max-width: 1500px) 100vw, 1500px\" \/><\/div><\/div><\/div><br \/>\n\n<style type=\"text\/css\" data-created_by=\"avia_inline_auto\" id=\"style-css-av-m9sfvz2o-e45b0da4244be3f0905a452233136fc1\">\n#top .av-special-heading.av-m9sfvz2o-e45b0da4244be3f0905a452233136fc1{\npadding-bottom:10px;\n}\nbody .av-special-heading.av-m9sfvz2o-e45b0da4244be3f0905a452233136fc1 .av-special-heading-tag .heading-char{\nfont-size:25px;\n}\n.av-special-heading.av-m9sfvz2o-e45b0da4244be3f0905a452233136fc1 .av-subheading{\nfont-size:15px;\n}\n<\/style>\n<div  class='av-special-heading av-m9sfvz2o-e45b0da4244be3f0905a452233136fc1 av-special-heading-h2 blockquote modern-quote  avia-builder-el-4  el_after_av_image  el_before_av_textblock '><h2 class='av-special-heading-tag '  itemprop=\"headline\"  >Auxiliar d\u2019activitats esportives<\/h2><div class=\"special-heading-border\"><div class=\"special-heading-inner-border\"><\/div><\/div><\/div><br \/>\n\n<style type=\"text\/css\" data-created_by=\"avia_inline_auto\" id=\"style-css-av-mkwvpn44-ff36fc6a3b7ebaf679c9d575d2f893e2\">\n#top .av_textblock_section.av-mkwvpn44-ff36fc6a3b7ebaf679c9d575d2f893e2 .avia_textblock{\nfont-size:24px;\ncolor:#ec6361;\n}\n<\/style>\n<section  class='av_textblock_section av-mkwvpn44-ff36fc6a3b7ebaf679c9d575d2f893e2 '   itemscope=\"itemscope\" itemtype=\"https:\/\/schema.org\/CreativeWork\" ><div class='avia_textblock av_inherit_color'  itemprop=\"text\" ><p>Aquest programa ofereix formaci\u00f3 pr\u00e0ctica i orientaci\u00f3 professional a joves, combinant aprenentatge, estada a l\u2019empresa i suport educatiu per facilitar el retorn als estudis o l\u2019acc\u00e9s al m\u00f3n laboral.<\/p>\n<\/div><\/section><br \/>\n<div  class='hr av-14b2e-e9b0c9327fae925d3b424b1ec981edf2 hr-default  avia-builder-el-6  el_after_av_textblock  el_before_av_heading '><span class='hr-inner '><span class=\"hr-inner-style\"><\/span><\/span><\/div><br \/>\n\n<style type=\"text\/css\" data-created_by=\"avia_inline_auto\" id=\"style-css-av-13ox6-911038bc9ff922abbb7fe9d9e66b7c5b\">\n#top .av-special-heading.av-13ox6-911038bc9ff922abbb7fe9d9e66b7c5b{\npadding-bottom:10px;\n}\nbody .av-special-heading.av-13ox6-911038bc9ff922abbb7fe9d9e66b7c5b .av-special-heading-tag .heading-char{\nfont-size:25px;\n}\n.av-special-heading.av-13ox6-911038bc9ff922abbb7fe9d9e66b7c5b .av-subheading{\nfont-size:15px;\n}\n<\/style>\n<div  class='av-special-heading av-13ox6-911038bc9ff922abbb7fe9d9e66b7c5b av-special-heading-h2 blockquote modern-quote  avia-builder-el-7  el_after_av_hr  el_before_av_textblock '><h2 class='av-special-heading-tag '  itemprop=\"headline\"  >Qu\u00e8 \u00e9s un Programa de formaci\u00f3 i inserci\u00f3 (PFI)?<\/h2><div class=\"special-heading-border\"><div class=\"special-heading-inner-border\"><\/div><\/div><\/div><br \/>\n<section  class='av_textblock_section av-m9sg3khy-eb84642bf22ecacc7405f602f9113096 '   itemscope=\"itemscope\" itemtype=\"https:\/\/schema.org\/CreativeWork\" ><div class='avia_textblock'  itemprop=\"text\" ><ul>\n<li style=\"font-weight: 400;\" aria-level=\"1\"><span style=\"font-weight: 400;\">Programa voluntari<\/span><\/li>\n<li style=\"font-weight: 400;\" aria-level=\"1\"><span style=\"font-weight: 400;\">Joves m\u00ednim 16 anys i m\u00e0xim 21 en l\u2019any d\u2019inici del programa<\/span><\/li>\n<li style=\"font-weight: 400;\" aria-level=\"1\"><span style=\"font-weight: 400;\">No tenen el t\u00edtol d\u2019ESO i en el moment d\u2019iniciar el programa, no segueixen estudis en el sistema educatiu ni participen en altres accions de formaci\u00f3.<\/span><\/li>\n<\/ul>\n<\/div><\/section><br \/>\n<div  class='hr av-3n722-024eb4f4ecb96a93286a7f02bb537442 hr-default  avia-builder-el-9  el_after_av_textblock  el_before_av_heading '><span class='hr-inner '><span class=\"hr-inner-style\"><\/span><\/span><\/div><br \/>\n\n<style type=\"text\/css\" data-created_by=\"avia_inline_auto\" id=\"style-css-av-m9sfxkn3-421454a8cee8f66fa81c54c768b85fa1\">\n#top .av-special-heading.av-m9sfxkn3-421454a8cee8f66fa81c54c768b85fa1{\npadding-bottom:10px;\n}\nbody .av-special-heading.av-m9sfxkn3-421454a8cee8f66fa81c54c768b85fa1 .av-special-heading-tag .heading-char{\nfont-size:25px;\n}\n.av-special-heading.av-m9sfxkn3-421454a8cee8f66fa81c54c768b85fa1 .av-subheading{\nfont-size:15px;\n}\n<\/style>\n<div  class='av-special-heading av-m9sfxkn3-421454a8cee8f66fa81c54c768b85fa1 av-special-heading-h2 blockquote modern-quote  avia-builder-el-10  el_after_av_hr  el_before_av_textblock '><h2 class='av-special-heading-tag '  itemprop=\"headline\"  >Quina \u00e9s la seva finalitat?<\/h2><div class=\"special-heading-border\"><div class=\"special-heading-inner-border\"><\/div><\/div><\/div><br \/>\n<section  class='av_textblock_section av-m9sftht0-c90e366986ac1d08dbb863af7d579ad2 '   itemscope=\"itemscope\" itemtype=\"https:\/\/schema.org\/CreativeWork\" ><div class='avia_textblock'  itemprop=\"text\" ><ul>\n<li style=\"font-weight: 400;\" aria-level=\"1\"><span style=\"font-weight: 400;\">Proporcionar la possibilitat d&#8217;incorporar-se de nou al sistema educatiu per <\/span><b>continuar estudis <\/b><span style=\"font-weight: 400;\">de formaci\u00f3 professional.\u00a0<\/span><\/li>\n<li style=\"font-weight: 400;\" aria-level=\"1\"><span style=\"font-weight: 400;\">Facilitar, tamb\u00e9, l&#8217;aprenentatge imprescindible per <\/span><b>accedir al mercat de treball <\/b><span style=\"font-weight: 400;\">amb millors possibilitats d&#8217;aconseguir una ocupaci\u00f3 qualificada i duradora.<\/span><\/li>\n<\/ul>\n<\/div><\/section><br \/>\n<div  class='hr av-32dfy-4f98517c2b7ff9f94979cfa0e674deec hr-default  avia-builder-el-12  el_after_av_textblock  el_before_av_heading '><span class='hr-inner '><span class=\"hr-inner-style\"><\/span><\/span><\/div><br \/>\n\n<style type=\"text\/css\" data-created_by=\"avia_inline_auto\" id=\"style-css-av-m9sfxugh-775729d0ef3ac58e73417275caa1df3e\">\n#top .av-special-heading.av-m9sfxugh-775729d0ef3ac58e73417275caa1df3e{\npadding-bottom:10px;\n}\nbody .av-special-heading.av-m9sfxugh-775729d0ef3ac58e73417275caa1df3e .av-special-heading-tag .heading-char{\nfont-size:25px;\n}\n.av-special-heading.av-m9sfxugh-775729d0ef3ac58e73417275caa1df3e .av-subheading{\nfont-size:15px;\n}\n<\/style>\n<div  class='av-special-heading av-m9sfxugh-775729d0ef3ac58e73417275caa1df3e av-special-heading-h2 blockquote modern-quote  avia-builder-el-13  el_after_av_hr  el_before_av_textblock '><h2 class='av-special-heading-tag '  itemprop=\"headline\"  >Durada del curs<\/h2><div class=\"special-heading-border\"><div class=\"special-heading-inner-border\"><\/div><\/div><\/div><br \/>\n<section  class='av_textblock_section av-m9sfu18r-3b519304c3d6a1f566d44f1edea3f55a '   itemscope=\"itemscope\" itemtype=\"https:\/\/schema.org\/CreativeWork\" ><div class='avia_textblock'  itemprop=\"text\" ><p><span style=\"font-weight: 400;\">El curs t\u00e9 una durada de<\/span><b> 1.000 hores, un curs acad\u00e8mic, <\/b><span style=\"font-weight: 400;\">distribu\u00efdes entre el <\/span><b>centre educatiu <\/b><span style=\"font-weight: 400;\">i<\/span><b> l&#8217;entitat <\/b><span style=\"font-weight: 400;\">on es realitza l\u2019estada a l\u2019empresa.<\/span><\/p>\n<\/div><\/section><br \/>\n<div  class='hr av-2sroq-34991c32f34ecae284e5e49c9c6492c5 hr-default  avia-builder-el-15  el_after_av_textblock  el_before_av_heading '><span class='hr-inner '><span class=\"hr-inner-style\"><\/span><\/span><\/div><br \/>\n\n<style type=\"text\/css\" data-created_by=\"avia_inline_auto\" id=\"style-css-av-m9sfy4fd-2ade9e4cc65e901edb77ada115ce86aa\">\n#top .av-special-heading.av-m9sfy4fd-2ade9e4cc65e901edb77ada115ce86aa{\npadding-bottom:10px;\n}\nbody .av-special-heading.av-m9sfy4fd-2ade9e4cc65e901edb77ada115ce86aa .av-special-heading-tag .heading-char{\nfont-size:25px;\n}\n.av-special-heading.av-m9sfy4fd-2ade9e4cc65e901edb77ada115ce86aa .av-subheading{\nfont-size:15px;\n}\n<\/style>\n<div  class='av-special-heading av-m9sfy4fd-2ade9e4cc65e901edb77ada115ce86aa av-special-heading-h2 blockquote modern-quote  avia-builder-el-16  el_after_av_hr  el_before_av_textblock '><h2 class='av-special-heading-tag '  itemprop=\"headline\"  >Horari<\/h2><div class=\"special-heading-border\"><div class=\"special-heading-inner-border\"><\/div><\/div><\/div><br \/>\n<section  class='av_textblock_section av-m9sfuaup-0bba6a8353fd0c5af5990e90d5b65396 '   itemscope=\"itemscope\" itemtype=\"https:\/\/schema.org\/CreativeWork\" ><div class='avia_textblock'  itemprop=\"text\" ><ul>\n<li style=\"font-weight: 400;\" aria-level=\"1\"><span style=\"font-weight: 400;\">Horari de <\/span><b>mat\u00ed, <\/b><b>de 8.30 a 14:30\u202fh<\/b><\/li>\n<li style=\"font-weight: 400;\" aria-level=\"1\"><span style=\"font-weight: 400;\">De<\/span><b> dilluns a divendres<\/b><\/li>\n<\/ul>\n<\/div><\/section><br \/>\n<div  class='hr av-2bu72-65d68c70bda803e05d7b9f39c35cd0bd hr-default  avia-builder-el-18  el_after_av_textblock  el_before_av_heading '><span class='hr-inner '><span class=\"hr-inner-style\"><\/span><\/span><\/div><br \/>\n\n<style type=\"text\/css\" data-created_by=\"avia_inline_auto\" id=\"style-css-av-m9sfyg8j-fc896712e62a7cd6c2a8cc47432054d3\">\n#top .av-special-heading.av-m9sfyg8j-fc896712e62a7cd6c2a8cc47432054d3{\npadding-bottom:10px;\n}\nbody .av-special-heading.av-m9sfyg8j-fc896712e62a7cd6c2a8cc47432054d3 .av-special-heading-tag .heading-char{\nfont-size:25px;\n}\n.av-special-heading.av-m9sfyg8j-fc896712e62a7cd6c2a8cc47432054d3 .av-subheading{\nfont-size:15px;\n}\n<\/style>\n<div  class='av-special-heading av-m9sfyg8j-fc896712e62a7cd6c2a8cc47432054d3 av-special-heading-h2 blockquote modern-quote  avia-builder-el-19  el_after_av_hr  el_before_av_textblock '><h2 class='av-special-heading-tag '  itemprop=\"headline\"  >Ubicaci\u00f3<\/h2><div class=\"special-heading-border\"><div class=\"special-heading-inner-border\"><\/div><\/div><\/div><br \/>\n<section  class='av_textblock_section av-m9sfup3y-55ea6afd53a620e75b491ca687ede1c5 '   itemscope=\"itemscope\" itemtype=\"https:\/\/schema.org\/CreativeWork\" ><div class='avia_textblock'  itemprop=\"text\" ><p><span style=\"font-weight: 400;\">Al pavell\u00f3 poliesportiu de Cardedeu<\/span><\/p>\n<\/div><\/section><br \/>\n<div  class='hr av-1npzi-866956bbfd196a01149d7730bbbdbb67 hr-default  avia-builder-el-21  el_after_av_textblock  el_before_av_heading '><span class='hr-inner '><span class=\"hr-inner-style\"><\/span><\/span><\/div><br \/>\n\n<style type=\"text\/css\" data-created_by=\"avia_inline_auto\" id=\"style-css-av-m9sfyq4a-dd44b601df3ad4312f1a06e232f9e6c6\">\n#top .av-special-heading.av-m9sfyq4a-dd44b601df3ad4312f1a06e232f9e6c6{\npadding-bottom:10px;\n}\nbody .av-special-heading.av-m9sfyq4a-dd44b601df3ad4312f1a06e232f9e6c6 .av-special-heading-tag .heading-char{\nfont-size:25px;\n}\n.av-special-heading.av-m9sfyq4a-dd44b601df3ad4312f1a06e232f9e6c6 .av-subheading{\nfont-size:15px;\n}\n<\/style>\n<div  class='av-special-heading av-m9sfyq4a-dd44b601df3ad4312f1a06e232f9e6c6 av-special-heading-h2 blockquote modern-quote  avia-builder-el-22  el_after_av_hr  el_before_av_textblock '><h2 class='av-special-heading-tag '  itemprop=\"headline\"  >M\u00f2duls del programa<\/h2><div class=\"special-heading-border\"><div class=\"special-heading-inner-border\"><\/div><\/div><\/div><br \/>\n<section  class='av_textblock_section av-m9sfv26r-5e9ccf94afbc57ecb5108df1887354af '   itemscope=\"itemscope\" itemtype=\"https:\/\/schema.org\/CreativeWork\" ><div class='avia_textblock'  itemprop=\"text\" ><ul>\n<li aria-level=\"1\"><b>M\u00f2duls de formaci\u00f3 professional 650\u202fh (200\u202fh d\u2019estada empresa)<br \/>\n<\/b>Per a l&#8217;assoliment de les compet\u00e8ncies professionals, que inclouen un m\u00f2dul de pr\u00e0ctiques en alternan\u00e7a en centres de treball.<\/li>\n<\/ul>\n<ul>\n<li aria-level=\"1\"><b>M\u00f2duls de formaci\u00f3 general 315\u202fh<br \/>\n<\/b>Per a l&#8217;adquisici\u00f3 de compet\u00e8ncies instrumentals b\u00e0siques.<\/li>\n<\/ul>\n<ul>\n<li aria-level=\"1\"><b>Accions de seguiment i orientaci\u00f3 de l\u2019alumnat 35\u202fh<\/b><\/li>\n<\/ul>\n<\/div><\/section><br \/>\n<div  class='hr av-z2ve-4706f855ea252259049a15134c1da5e0 hr-default  avia-builder-el-24  el_after_av_textblock  el_before_av_heading '><span class='hr-inner '><span class=\"hr-inner-style\"><\/span><\/span><\/div><br \/>\n\n<style type=\"text\/css\" data-created_by=\"avia_inline_auto\" id=\"style-css-av-m9sfz0dw-216dd4f4fbb2cdaaeb7399ced72c50bf\">\n#top .av-special-heading.av-m9sfz0dw-216dd4f4fbb2cdaaeb7399ced72c50bf{\npadding-bottom:10px;\n}\nbody .av-special-heading.av-m9sfz0dw-216dd4f4fbb2cdaaeb7399ced72c50bf .av-special-heading-tag .heading-char{\nfont-size:25px;\n}\n.av-special-heading.av-m9sfz0dw-216dd4f4fbb2cdaaeb7399ced72c50bf .av-subheading{\nfont-size:15px;\n}\n<\/style>\n<div  class='av-special-heading av-m9sfz0dw-216dd4f4fbb2cdaaeb7399ced72c50bf av-special-heading-h2 blockquote modern-quote  avia-builder-el-25  el_after_av_hr  el_before_av_textblock '><h2 class='av-special-heading-tag '  itemprop=\"headline\"  >Sortides acad\u00e8miques i professionals<\/h2><div class=\"special-heading-border\"><div class=\"special-heading-inner-border\"><\/div><\/div><\/div><br \/>\n<section  class='av_textblock_section av-m9sfvc52-70efac61720a5343692e0d301912512c '   itemscope=\"itemscope\" itemtype=\"https:\/\/schema.org\/CreativeWork\" ><div class='avia_textblock'  itemprop=\"text\" ><ul>\n<li><span style=\"font-weight: 400;\">Accedir als <\/span><b>CFGM<\/b><span style=\"font-weight: 400;\"> cicles formatius de grau mitj\u00e0.\u00a0<\/span><\/li>\n<li><span style=\"font-weight: 400;\">Obtenir el t\u00edtol de <\/span><b>t\u00e8cnic b\u00e0sic associat al perfil,<\/b><span style=\"font-weight: 400;\"> a partir del reconeixement dels m\u00f2duls professionals.\u00a0<\/span><\/li>\n<li><span style=\"font-weight: 400;\">Accedir als centres de formaci\u00f3 d\u2019adults per obtenir el <\/span><b>GESO.<\/b><span style=\"font-weight: 400;\">\u00a0<\/span><\/li>\n<\/ul>\n<\/div><\/section><\/p><\/div>\n","protected":false},"excerpt":{"rendered":"","protected":false},"author":1,"featured_media":0,"parent":0,"menu_order":17,"comment_status":"closed","ping_status":"closed","template":"","meta":{"footnotes":""},"class_list":["post-82","page","type-page","status-publish","hentry"],"yoast_head":"<!-- This site is optimized with the Yoast SEO plugin v27.4 - https:\/\/yoast.com\/product\/yoast-seo-wordpress\/ -->\n<title>PFI - Programa de formaci\u00f3 i inserci\u00f3 - Institut Pla Marcell<\/title>\n<meta name=\"robots\" content=\"index, follow, max-snippet:-1, max-image-preview:large, max-video-preview:-1\" \/>\n<link rel=\"canonical\" href=\"https:\/\/www.plamarcell.cat\/web\/pfi-programa-de-formacio-i-insercio\/\" \/>\n<meta property=\"og:locale\" content=\"ca_ES\" \/>\n<meta property=\"og:type\" content=\"article\" \/>\n<meta property=\"og:title\" content=\"PFI - Programa de formaci\u00f3 i inserci\u00f3 - Institut Pla Marcell\" \/>\n<meta property=\"og:url\" content=\"https:\/\/www.plamarcell.cat\/web\/pfi-programa-de-formacio-i-insercio\/\" \/>\n<meta property=\"og:site_name\" content=\"Institut Pla Marcell\" \/>\n<meta property=\"article:modified_time\" content=\"2026-04-22T17:46:49+00:00\" \/>\n<meta name=\"twitter:card\" content=\"summary_large_image\" \/>\n<meta name=\"twitter:label1\" content=\"Temps estimat de lectura\" \/>\n\t<meta name=\"twitter:data1\" content=\"2 minuts\" \/>\n<script type=\"application\/ld+json\" class=\"yoast-schema-graph\">{\"@context\":\"https:\\\/\\\/schema.org\",\"@graph\":[{\"@type\":\"WebPage\",\"@id\":\"https:\\\/\\\/www.plamarcell.cat\\\/web\\\/pfi-programa-de-formacio-i-insercio\\\/\",\"url\":\"https:\\\/\\\/www.plamarcell.cat\\\/web\\\/pfi-programa-de-formacio-i-insercio\\\/\",\"name\":\"PFI - Programa de formaci\u00f3 i inserci\u00f3 - Institut Pla Marcell\",\"isPartOf\":{\"@id\":\"https:\\\/\\\/www.plamarcell.cat\\\/web\\\/#website\"},\"datePublished\":\"2025-02-12T16:31:40+00:00\",\"dateModified\":\"2026-04-22T17:46:49+00:00\",\"breadcrumb\":{\"@id\":\"https:\\\/\\\/www.plamarcell.cat\\\/web\\\/pfi-programa-de-formacio-i-insercio\\\/#breadcrumb\"},\"inLanguage\":\"ca\",\"potentialAction\":[{\"@type\":\"ReadAction\",\"target\":[\"https:\\\/\\\/www.plamarcell.cat\\\/web\\\/pfi-programa-de-formacio-i-insercio\\\/\"]}]},{\"@type\":\"BreadcrumbList\",\"@id\":\"https:\\\/\\\/www.plamarcell.cat\\\/web\\\/pfi-programa-de-formacio-i-insercio\\\/#breadcrumb\",\"itemListElement\":[{\"@type\":\"ListItem\",\"position\":1,\"name\":\"Inici\",\"item\":\"https:\\\/\\\/www.plamarcell.cat\\\/web\\\/\"},{\"@type\":\"ListItem\",\"position\":2,\"name\":\"PFI &#8211; Programa de formaci\u00f3 i inserci\u00f3\"}]},{\"@type\":\"WebSite\",\"@id\":\"https:\\\/\\\/www.plamarcell.cat\\\/web\\\/#website\",\"url\":\"https:\\\/\\\/www.plamarcell.cat\\\/web\\\/\",\"name\":\"Institut Pla Marcell\",\"description\":\"Decidir, conviure i aprendre\",\"publisher\":{\"@id\":\"https:\\\/\\\/www.plamarcell.cat\\\/web\\\/#organization\"},\"potentialAction\":[{\"@type\":\"SearchAction\",\"target\":{\"@type\":\"EntryPoint\",\"urlTemplate\":\"https:\\\/\\\/www.plamarcell.cat\\\/web\\\/?s={search_term_string}\"},\"query-input\":{\"@type\":\"PropertyValueSpecification\",\"valueRequired\":true,\"valueName\":\"search_term_string\"}}],\"inLanguage\":\"ca\"},{\"@type\":\"Organization\",\"@id\":\"https:\\\/\\\/www.plamarcell.cat\\\/web\\\/#organization\",\"name\":\"Institut Pla Marcell\",\"url\":\"https:\\\/\\\/www.plamarcell.cat\\\/web\\\/\",\"logo\":{\"@type\":\"ImageObject\",\"inLanguage\":\"ca\",\"@id\":\"https:\\\/\\\/www.plamarcell.cat\\\/web\\\/#\\\/schema\\\/logo\\\/image\\\/\",\"url\":\"https:\\\/\\\/www.plamarcell.cat\\\/web\\\/wp-content\\\/uploads\\\/2025\\\/03\\\/ima-Logo-header-1.png\",\"contentUrl\":\"https:\\\/\\\/www.plamarcell.cat\\\/web\\\/wp-content\\\/uploads\\\/2025\\\/03\\\/ima-Logo-header-1.png\",\"width\":1200,\"height\":700,\"caption\":\"Institut Pla Marcell\"},\"image\":{\"@id\":\"https:\\\/\\\/www.plamarcell.cat\\\/web\\\/#\\\/schema\\\/logo\\\/image\\\/\"},\"sameAs\":[\"https:\\\/\\\/www.instagram.com\\\/pla.marcell\\\/\"]}]}<\/script>\n<!-- \/ Yoast SEO plugin. -->","yoast_head_json":{"title":"PFI - Programa de formaci\u00f3 i inserci\u00f3 - Institut Pla Marcell","robots":{"index":"index","follow":"follow","max-snippet":"max-snippet:-1","max-image-preview":"max-image-preview:large","max-video-preview":"max-video-preview:-1"},"canonical":"https:\/\/www.plamarcell.cat\/web\/pfi-programa-de-formacio-i-insercio\/","og_locale":"ca_ES","og_type":"article","og_title":"PFI - Programa de formaci\u00f3 i inserci\u00f3 - Institut Pla Marcell","og_url":"https:\/\/www.plamarcell.cat\/web\/pfi-programa-de-formacio-i-insercio\/","og_site_name":"Institut Pla Marcell","article_modified_time":"2026-04-22T17:46:49+00:00","twitter_card":"summary_large_image","twitter_misc":{"Temps estimat de lectura":"2 minuts"},"schema":{"@context":"https:\/\/schema.org","@graph":[{"@type":"WebPage","@id":"https:\/\/www.plamarcell.cat\/web\/pfi-programa-de-formacio-i-insercio\/","url":"https:\/\/www.plamarcell.cat\/web\/pfi-programa-de-formacio-i-insercio\/","name":"PFI - Programa de formaci\u00f3 i inserci\u00f3 - Institut Pla Marcell","isPartOf":{"@id":"https:\/\/www.plamarcell.cat\/web\/#website"},"datePublished":"2025-02-12T16:31:40+00:00","dateModified":"2026-04-22T17:46:49+00:00","breadcrumb":{"@id":"https:\/\/www.plamarcell.cat\/web\/pfi-programa-de-formacio-i-insercio\/#breadcrumb"},"inLanguage":"ca","potentialAction":[{"@type":"ReadAction","target":["https:\/\/www.plamarcell.cat\/web\/pfi-programa-de-formacio-i-insercio\/"]}]},{"@type":"BreadcrumbList","@id":"https:\/\/www.plamarcell.cat\/web\/pfi-programa-de-formacio-i-insercio\/#breadcrumb","itemListElement":[{"@type":"ListItem","position":1,"name":"Inici","item":"https:\/\/www.plamarcell.cat\/web\/"},{"@type":"ListItem","position":2,"name":"PFI &#8211; Programa de formaci\u00f3 i inserci\u00f3"}]},{"@type":"WebSite","@id":"https:\/\/www.plamarcell.cat\/web\/#website","url":"https:\/\/www.plamarcell.cat\/web\/","name":"Institut Pla Marcell","description":"Decidir, conviure i aprendre","publisher":{"@id":"https:\/\/www.plamarcell.cat\/web\/#organization"},"potentialAction":[{"@type":"SearchAction","target":{"@type":"EntryPoint","urlTemplate":"https:\/\/www.plamarcell.cat\/web\/?s={search_term_string}"},"query-input":{"@type":"PropertyValueSpecification","valueRequired":true,"valueName":"search_term_string"}}],"inLanguage":"ca"},{"@type":"Organization","@id":"https:\/\/www.plamarcell.cat\/web\/#organization","name":"Institut Pla Marcell","url":"https:\/\/www.plamarcell.cat\/web\/","logo":{"@type":"ImageObject","inLanguage":"ca","@id":"https:\/\/www.plamarcell.cat\/web\/#\/schema\/logo\/image\/","url":"https:\/\/www.plamarcell.cat\/web\/wp-content\/uploads\/2025\/03\/ima-Logo-header-1.png","contentUrl":"https:\/\/www.plamarcell.cat\/web\/wp-content\/uploads\/2025\/03\/ima-Logo-header-1.png","width":1200,"height":700,"caption":"Institut Pla Marcell"},"image":{"@id":"https:\/\/www.plamarcell.cat\/web\/#\/schema\/logo\/image\/"},"sameAs":["https:\/\/www.instagram.com\/pla.marcell\/"]}]}},"_links":{"self":[{"href":"https:\/\/www.plamarcell.cat\/web\/wp-json\/wp\/v2\/pages\/82","targetHints":{"allow":["GET"]}}],"collection":[{"href":"https:\/\/www.plamarcell.cat\/web\/wp-json\/wp\/v2\/pages"}],"about":[{"href":"https:\/\/www.plamarcell.cat\/web\/wp-json\/wp\/v2\/types\/page"}],"author":[{"embeddable":true,"href":"https:\/\/www.plamarcell.cat\/web\/wp-json\/wp\/v2\/users\/1"}],"replies":[{"embeddable":true,"href":"https:\/\/www.plamarcell.cat\/web\/wp-json\/wp\/v2\/comments?post=82"}],"version-history":[{"count":39,"href":"https:\/\/www.plamarcell.cat\/web\/wp-json\/wp\/v2\/pages\/82\/revisions"}],"predecessor-version":[{"id":5381,"href":"https:\/\/www.plamarcell.cat\/web\/wp-json\/wp\/v2\/pages\/82\/revisions\/5381"}],"wp:attachment":[{"href":"https:\/\/www.plamarcell.cat\/web\/wp-json\/wp\/v2\/media?parent=82"}],"curies":[{"name":"wp","href":"https:\/\/api.w.org\/{rel}","templated":true}]}}